80375?
33
Calculate the remainder when 1592865 is divided by 5009.
3
What is the remainder when 9342160 is divided by 2130?
2110
Calculate the remainder when 64362 is divided by 12369.
2517
What is the remainder when 8060793 is divided by 1343465?
3
Calculate the remainder when 14915242 is divided by 532687.
6
What is the remainder when 1634339075 is divided by 20?
15
What is the remainder when 7399721 is divided by 3699858?
5
Calculate the remainder when 1465691 is divided by 21.
17
What is the remainder when 334404 is divided by 25427?
3853
Calculate the remainder when 36533795 is divided by 121.
23
What is the remainder when 60579816 is divided by 189?
24
What is the remainder when 94467 is divided by 671?
527
What is the remainder when 80241 is divided by 26379?
1104
What is the remainder when 8498665 is divided by 3550?
3515
What is the remainder when 27675 is divided by 13584?
507
Calculate the remainder when 5522043 is divided by 502003.
10
Calculate the remainder when 5468558 is divided by 218.
28
What is the remainder when 122923132 is divided by 2589?
1
What is the remainder when 481339 is divided by 240556?
227
Calculate the remainder when 49380 is divided by 16373.
261
What is the remainder when 2857120 is divided by 2755?
185
What is the remainder when 6764899 is divided by 438?
427
Calculate the remainder when 423594701 is divided by 10094.
10085
Calculate the remainder when 40363 is divided by 19076.
2211
Calculate the remainder when 50433891 is divided by 16811295.
6
Calculate the remainder when 28911863 is divided by 372.
23
What is the remainder when 741586 is divided by 2584?
2562
Calculate the remainder when 368945 is divided by 288.
17
Calculate the remainder when 652743 is divided by 5776.
55
Calculate the remainder when 97912255 is divided by 13.
12
Calculate the remainder when 647636 is divided by 92492.
192
Calculate the remainder when 11711612 is divided by 991.
965
Calculate the remainder when 215360 is divided by 5981.
44
What is the remainder when 1244868 is divided by 138107?
1905
What is the remainder when 104067037 is divided by 176?
173
Calculate the remainder when 106338 is divided by 1688.
1682
Calculate the remainder when 165867779 is divided by 15078888.
11
What is the remainder when 974470 is divided by 673?
639
Calculate the remainder when 1188652 is divided by 91434.
10
Calculate the remainder when 110030 is divided by 68.
6
What is the remainder when 1672591 is divided by 980?
711
What is the remainder when 254424 is divided by 42387?
102
What is the remainder when 549608098 is divided by 1133?
1128
Calculate the remainder when 10487030 is divided by 694.
690
What is the remainder when 185690 is divided by 16874?
76
What is the remainder when 115447 is divided by 1005?
877
Calculate the remainder when 2013711 is divided by 4878.
3975
Calculate the remainder when 2445400 is divided by 806.
802
What is the remainder when 25284 is divided by 2330?
1984
Calculate the remainder when 3634516 is divided by 38257.
101
Calculate the remainder when 2731880 is divided by 2731874.
6
What is the remainder when 545031 is divided by 1924?
539
What is the remainder when 253347 is divided by 1299?
42
Calculate the remainder when 1561618 is divided by 2065.
478
Calculate the remainder when 734961 is divided by 183738.
9
What is the remainder when 536180 is divided by 134002?
172
Calculate the remainder when 159566516 is divided by 2511.
2510
What is the remainder when 2524541 is divided by 484?
481
Calculate the remainder when 354329 is divided by 1001.
976
What is the remainder when 495658 is divided by 7921?
4556
What is the remainder when 668737 is divided by 334288?
161
Calculate the remainder when 1291986 is divided by 61521.
45
Calculate the remainder when 175267623 is divided by 28.
27
What is the remainder when 1067169 is divided by 1750?
1419
Calculate the remainder when 7146406 is divided by 794045.
1
What is the remainder when 137109 is divided by 286?
115
Calculate the remainder when 227164 is divided by 587.
582
Calculate the remainder when 2955254 is divided by 17.
8
What is the remainder when 73279773 is divided by 8?
5
What is the remainder when 4141146 is divided by 84?
30
What is the remainder when 5598439 is divided by 85?
84
What is the remainder when 74084 is divided by 2395?
2234
Calculate the remainder when 53870 is divided by 4889.
91
What is the remainder when 151179 is divided by 19?
15
Calculate the remainder when 66481 is divided by 438.
343
Calculate the remainder when 16718206 is divided by 196.
190
Calculate the remainder when 1201497 is divided by 2700.
2697
Calculate the remainder when 22703 is divided by 19257.
3446
Calculate the remainder when 285367 is divided by 174.
7
What is the remainder when 52849 is divided by 706?
605
Calculate the remainder when 2076641 is divided by 28.
21
Calculate the remainder when 101360436 is divided by 458.
456
Calculate the remainder when 36102312 is divided by 7220462.
2
Calculate the remainder when 2694935 is divided by 15668.
39
Calculate the remainder when 334443 is divided by 7135.
6233
What is the remainder when 2410872 is divided by 1414?
2
What is the remainder when 53357677 is divided by 1160?
1157
What is the remainder when 45299914 is divided by 1927?
1925
Calculate the remainder when 33610385 is divided by 11203460.
5
Calculate the remainder when 155543 is divided by 51793.
164
What is the remainder when 29495605 is divided by 218?
205
Calculate the remainder when 581192 is divided by 23.
5
Calculate the remainder when 551060 is divided by 677.
659
What is the remainder when 118777 is divided by 7349?
1193
Calculate the remainder when 4335173 is divided by 780.
713
What is the remainder when 1252903 is divided by 295?
38
Calculate the remainder when 1440301 is divided by 480099.
4
What is the remainder when 455287358 is divided by 16?
14
Calculate the remainder when 855605 is divided by 82.
17
Calculate the remainder when 116943 is divided by 58439.
65
What is the remainder when 154622 is divided by 14007?
545
What is the remainder when 27032 is divided by 356?
332
Calculate the remainder when 249702 is divided by 714.
516
What is the remainder when 1075684 is divided by 2026?
1904
Calculate the remainder when 8287537 is divided by 23.
16
What is the remainder when 536123 is divided by 536094?
29
What is the remainder when 20187736 is divided by 552?
544
Calculate the remainder when 301104 is divided by 5576.
0
What is the remainder when 113747857 is divided by 156?
145
Calculate the remainder when 1947535578 is divided by 92.
90
What is the remainder when 58666 is divided by 396?
58
Calculate the remainder when 1368016 is divided by 1437.
1429
What is the remainder when 1509016 is divided by 114?
112
Calculate the remainder when 66944 is divided by 90.
74
Calculate the remainder when 222927972 is divided by 1031.
1028
What is the remainder when 19479785 is divided by 63?
59
Calculate the remainder when 73974873 is divided by 104.
89
What is the remainder when 740889 is divided by 1550?
1539
What is the remainder when 567713 is divided by 635?
23
Calculate the remainder when 641777 is divided by 128295.
302
What is the remainder when 58131948 is divided by 853?
851
What is the remainder when 542073 is divided by 270606?
861
What is the remainder when 36923212 is divided by 7384622?
102
Calculate the remainder when 138379696 is divided by 685048.
0
What is the remainder when 100567 is divided by 452?
223
Calculate the remainder when 8063103 is divided by 879.
36
What is the remainder when 306753 is divided by 52?
5
Calculate the remainder when 4000 is divided by 3796.
204
What is the remainder when 273538158 is divided by 2380?
2378
Calculate the remainder when 60858 is divided by 23.
0
What is the remainder when 102760036 is divided by 5872?
36
Calculate the remainder when 14016117 is divided by 813.
810
What is the remainder when 1999082 is divided by 195?
137
Calculate the remainder when 892343194 is divided by 4253.
4252
What is the remainder when 76975424 is divided by 141?
140
What is the remainder when 65589823 is divided by 2511?
2503
Calculate the remainder when 173707 is divided by 22.
17
What is the remainder when 136857 is di